- 17 = 2*x, 2*x - 80 = -4*d. What is the units digit of d?
9
Let b = 221 - 124. What is the tens digit of b?
9
Let r(s) be the third derivative of -s**6/120 - 11*s**5/60 + 11*s**4/24 - s**3/3 - 4*s**2. Let i = 13 - 25. What is the units digit of r(i)?
0
Let k = -7 - -10. Suppose k*w - 18 = 5*w. What is the units digit of (-4)/(-6)*w/(-3)?
2
What is the tens digit of 233 + -20 + -5 + -1 + 3?
1
Let t(l) = l**3 + 5*l**2 + 5*l + 1. Let c be t(-4). Let s(a) = -a**3 - a**2 + 2*a - 4. What is the units digit of s(c)?
8
Suppose -7*i + 3*i + 16 = 0. Suppose 3*j + 4 = -i*h + 5*h, 4*h + j - 29 = 0. Suppose h = -4*d + 27. What is the units digit of d?
5
Let r(c) = 4*c + 1. Let g(y) = 7*y + 2. Let q(v) = 6*g(v) - 11*r(v). Let j = -11 + 8. What is the units digit of q(j)?
7
Let z be (-1 - (-10)/4)*-4. What is the units digit of ((-1)/2 + -1)*z?
9
Suppose 2*x = 6, 4*x - 356 = -6*m + 2*m. What is the tens digit of m?
8
What is the hundreds digit of (-1)/(-5) + 1419/5?
2
Let c = 12 + -6. Suppose c*s + w - 39 = 4*s, 2*s - 4*w - 24 = 0. What is the tens digit of s?
1
Suppose 0*u - 3*u + 3*j = -12, 5*u + j - 8 = 0. Suppose 0 = -i + u*i - 37. What is the tens digit of i?
3
Suppose -5*z = 12*z - 2159. What is the tens digit of z?
2
Suppose -4*w - g + 13 = -w, w + 2*g = 6. Suppose -10 = w*o - 246. Suppose p + 45 = 4*i, -5*i + 6*p = 2*p - o. What is the tens digit of i?
1
Let t = 8 - -30. What is the tens digit of t?
3
Let p(t) = -2*t - 5. Let g be p(-4). Suppose 53 = 4*b - g*s, 0*s = -4*b - 3*s + 59. What is the units digit of b?
4
Let y(l) = 2*l**3 - l**2 + 4. What is the tens digit of y(3)?
4
Suppose 3*o - 20 = -2*o. Let s be (-60)/(-9)*(-6)/o. Let n = 1 - s. What is the tens digit of n?
1
Suppose -46 = -5*c + 154. What is the units digit of c?
0
Let a = -71 - -87. What is the tens digit of a?
1
Let v = -116 - -352. Suppose 5*h - h = v. What is the units digit of h?
9
Let p(y) = 1 - 1 - y**3 + 5*y - 8 - 6*y**2. What is the units digit of p(-7)?
6
Suppose 9*y - 13*y + 340 = 0. What is the tens digit of y?
8
Let s(y) = -y**3 + 5*y**2 + 4*y - 5. What is the tens digit of s(5)?
1
Let u be (-20)/15*(-6)/(-4). Let z = u + 5. Suppose z - 35 = -2*n. What is the units digit of n?
6
Suppose 0*s + 52 = -s. Let v = -30 - s. What is the units digit of v?
2
Suppose 26 = -3*r + 152. Let g = r + -24. What is the units digit of g?
8
Let r(z) = -3 - z**3 + 5*z - 2*z - 4*z. What is the tens digit of r(-3)?
2
Let f = 32 + -8. What is the tens digit of f?
2
Let g = 35 + -19. What is the tens digit of g?
1
Let s(v) = -3*v - 1. Let t be s(9). Let l = -51 - t. Let j = l + 35. What is the units digit of j?
2
Let q be (-2 - (-99)/3) + -1. Suppose q = -3*o - 0. Let c(h) = -h**3 - 10*h**2 - 2*h - 15. What is the units digit of c(o)?
5
Let h(b) = -b**3 + 3*b**2 - 3*b + 2. Let f be h(2). Suppose f = 2*u - 4*k, -3*u + 2*k + 3*k + 2 = 0. What is the units digit of (u/(-3))/((-6)/18)?
4
Let m(u) = -3*u - 2. Let v be m(-2). Suppose -v*n = -i - 7*n + 22, 5*i = 3*n + 38. What is the units digit of i?
0
Suppose -2*s = 3*k - 6, -12 = -4*s - 2*k - k. What is the units digit of s?
3
Let i be (-60)/(-2)*6/15. Let u = i + -2. What is the tens digit of u?
1
Let l = 4 - -1. Suppose -4*c + 5*h - 12 = 0, -3*h = l*c - 7 - 15. What is the units digit of c?
2
Let q = -170 + 282. What is the hundreds digit of q?
1
Suppose 3*l = -4*c + 294, -3*l - l = -3*c - 417. What is the units digit of l?
2
Suppose l = -l - 28. Let t = l - -38. What is the tens digit of t?
2
Suppose -35 = -4*f - i, 3*f + 4*i + 2 - 38 = 0. What is the units digit of f?
8
Suppose 0 = -5*r + 6*r - 5. Suppose r*q - 39 = 2*w + 30, 5*w = q. Suppose -2*u + q = 5*b, 4*b + 6 = 6*b - 3*u. What is the units digit of b?
3
Let g(n) = n. Let m be g(-3). Let t = 4 + m. Let h = 6 - t. What is the units digit of h?
5
Let c = -82 + 143. What is the tens digit of c?
6
Let b = 83 + -59. Suppose 8*x - 2*a - b = 4*x, -3*x + 28 = a. What is the units digit of x?
8
Let k = 83 + 27. What is the hundreds digit of k?
1
Let g = 34 - 49. Let f be 0 + (-2 - g/(-3)). Let q = f + 10. What is the units digit of q?
3
What is the tens digit of (12/18)/(-1)*-519?
4
Suppose -3*j + 3*n = -21, 4*n = -3*j - n + 5. Suppose -4*a = -4*p - 20, 3*a = j*p - 10 + 23. What is the units digit of a?
6
Let q(p) = 3*p**2 - 3. Let c = -22 + 19. What is the units digit of q(c)?
4
Let g(k) = -3*k**2 + 0 + 1 + 5 + 6*k - k**3. Let l be g(-4). What is the units digit of ((-3)/l)/(3/4)?
2
Suppose -21*a + 20*a + 3 = 0. Suppose 2*l - 15 = a. What is the units digit of l?
9
Let u(k) = -11*k + 1. Let r be u(1). What is the units digit of 176/5 - (-2)/r?
5
Suppose -3*s - 3*f + 114 = -0*s, 4*f = -16. Suppose s = 5*n - 108. What is the units digit of n?
0
Let y(s) = s + 4. Let i be y(-2). Suppose -i*g - 10 + 2 = 0. What is the units digit of (-1)/g - (-93)/12?
8
Suppose -91 = -2*y + 23. What is the units digit of y?
7
Suppose 5*y - 3*t = 9, -3*t + 5 = y - 4. What is the units digit of y?
3
Suppose -4 = -x - 0. Suppose -2*p = -3*q - 4, -q + 3 = p - x. Suppose 3 + 2 = -p*h + 5*u, -5*h + 4 = -2*u. What is the units digit of h?
2
Let q = 1 + -1. Let p(z) = q*z**2 + 0 + 2*z**2 - 1 - 5*z. What is the tens digit of p(4)?
1
Let j(v) = v**2 - 5*v - 2. Let c be j(5). What is the units digit of 16 + 2 + (-3 - c)?
7
Suppose 0 = -5*r + 111 + 184. What is the units digit of r?
9
Let i be (-5)/25 - (-29)/(-5). Let k be ((-4)/i)/(1/3). Suppose -4*d + 13 = 5*x, -k*d + x + 4*x = -29. What is the units digit of d?
7
Let o be (1 + -3)/(2/(-30)). Suppose -4*t - 3*v = -o, v + 4*v = -5*t + 40. What is the units digit of t?
6
Let i(w) = w + 1. Let p be i(4). Let j = 12 + p. What is the units digit of j?
7
Suppose 0*h = 3*h - 66. What is the tens digit of h?
2
What is the units digit of (-1)/2*-4 - -10?
2
Let f = -4 + 8. Suppose -f*a + 2*c = -48, 2 + 16 = a + c. What is the tens digit of a?
1
Let o(f) = -5*f + 20. Let p(z) = -z + 5. Let h(c) = -2*o(c) + 9*p(c). What is the units digit of h(-4)?
1
Suppose 5*r + 2*o = 15, 2*o + 4 = 5*r - 31. Suppose 0*f - f + 9 = r*a, f - 29 = -a. What is the tens digit of f?
3
Let m(t) = 3*t - 1. Let w be m(2). Suppose 0 = -w*h - 0*h + 90. What is the units digit of h?
8
Let c(d) = 2*d**2 - 6. Let v be c(6). Suppose 0*l + 3*l - v = 0. Suppose 0 = z + 4*p - 2, 5*z - 4*p = 2*z + l. What is the units digit of z?
6
Let n(w) be the first derivative of -5*w**2/2 + 3*w + 1. Let d be n(3). What is the tens digit of d/8 + 81/6?
1
Let i = 5 - -3. Let h = i - 3. Suppose h*k = -4 + 9. What is the units digit of k?
1
Let k be (-1)/2*-6*1. Suppose -k*g + q + 17 - 7 = 0, -13 = -4*g + q. Suppose g*x - 10 = 8. What is the units digit of x?
6
Suppose -5*o + r + 3435 = 0, 762 + 605 = 2*o + r. What is the tens digit of 8/6 - o/(-21)?
3
Let k(d) = -15*d - 1. Let p(j) = 15*j + 1. Let o(t) = 4*k(t) + 3*p(t). What is the units digit of o(-1)?
4
Let i(p) = 3*p**3 - p**2 - 5*p + 1. Let s(b) = -4*b**3 + b**2 + 6*b. Let f be (-3)/(-12)*2*10. Let h(z) = f*i(z) + 4*s(z). What is the units digit of h(0)?
5
Suppose -206*j - 101 = -207*j. What is the tens digit of j?
0
Let q(g) = g**3 + 5*g**2 + 4*g - 5. Let h be q(-4). Let n = h - -15. What is the units digit of n?
0
What is the units digit of 2167/44 + 3/4?
0
Let b = -116 + 164. What is the units digit of b?
8
Suppose 2*j + 461 = 3*z, 5*z - 3*j + j = 771. Suppose -b - 4*b = -z. What is the units digit of b?
1
Suppose -a + 0 = -2. Let p be -3 - (-19 - (-1 + a)). Let s = p - 9. What is the units digit of s?
8
What is the tens digit of (-1)/((-7)/(-90))*-7?
9
Let k(o) = o**3 - 8*o**2 - 9*o + 5. Suppose 4*v = 41 - 5. Let d be k(v). Let f = d - 1. What is the units digit of f?
4
Let c(j) = -j - j + 9 + 3*j. Let z be c(-7). What is the units digit of ((-12)/(-3) - z)/1?
2
Let a = -4 + 8. Suppose -60 = -a*n + n. What is the tens digit of n?
2
Suppose 0*t = 13*t - 2600. What is the units digit of t?
0
Suppose i = -i - 8. Let k = 7 + i. What is the units digit of 1/k + (-8)/(-3)?
3
Let q = 6 + -8. What is the tens digit of (26/(-3))/q*3?
1
Let g(q) = -q**3 - 5*q**2 - 7*q + 1. Let y be g(-6). Suppose 0 = 5*k - 4*l - y, k - 12 = -4*l - 1. What is the units digit of k?
5
Let l = 186 + -120. What is the tens digit of l?
6
What is the tens digit of 182/6 + (-12)/(-18)?
3
Let l(j) = j**3 + 